6
What is the highest common divisor of 117852 and 1518?
138
Calculate the highest common factor of 22266 and 54.
18
What is the greatest common factor of 50666 and 264?
22
What is the highest common divisor of 210 and 22090?
10
What is the highest common factor of 190 and 1985?
5
Calculate the highest common divisor of 168268 and 368.
92
What is the greatest common factor of 9720 and 2349?
81
What is the highest common divisor of 264 and 39127?
11
What is the greatest common divisor of 57 and 59793?
57
What is the greatest common factor of 4233 and 357?
51
What is the highest common divisor of 108030 and 780?
390
What is the greatest common divisor of 377784 and 1512?
216
What is the greatest common divisor of 1472 and 17296?
368
What is the highest common divisor of 54 and 2466?
18
What is the highest common factor of 32 and 97872?
16
Calculate the highest common divisor of 28 and 3855698.
14
Calculate the greatest common divisor of 697912 and 3128.
184
What is the greatest common divisor of 24581 and 480637?
523
What is the greatest common factor of 671334 and 738?
246
Calculate the greatest common factor of 431974 and 15940.
1594
Calculate the highest common divisor of 7552464 and 184.
184
Calculate the greatest common factor of 1969 and 5549.
179
What is the greatest common divisor of 16383 and 1290?
129
What is the greatest common divisor of 1698 and 6?
6
What is the highest common factor of 166 and 3226?
2
Calculate the greatest common divisor of 75 and 11975.
25
Calculate the greatest common factor of 6642 and 5022.
162
What is the greatest common divisor of 22475 and 232?
29
Calculate the greatest common factor of 887776 and 32.
32
What is the highest common divisor of 192 and 88?
8
What is the highest common factor of 744 and 6720?
24
Calculate the greatest common factor of 170 and 45070.
10
What is the greatest common divisor of 12625 and 56750?
125
Calculate the highest common factor of 629165 and 115.
115
Calculate the greatest common factor of 470 and 1370.
10
Calculate the highest common factor of 1540 and 11116.
28
Calculate the greatest common divisor of 222 and 30118.
74
What is the highest common factor of 122 and 51606?
122
What is the greatest common divisor of 206058 and 10004?
122
What is the highest common divisor of 410197 and 4768?
149
What is the greatest common factor of 2850 and 55800?
150
Calculate the highest common divisor of 132791 and 29.
29
What is the highest common divisor of 4773 and 4128?
129
What is the highest common divisor of 147874 and 2764?
1382
What is the highest common divisor of 105 and 181080?
15
Calculate the greatest common divisor of 42056 and 504.
56
Calculate the highest common factor of 2832 and 105744.
48
What is the greatest common divisor of 2692 and 104?
4
What is the highest common divisor of 160 and 28688?
16
Calculate the greatest common factor of 17955 and 2375.
95
Calculate the highest common factor of 3210 and 1506.
6
What is the greatest common divisor of 36104 and 8?
8
What is the highest common divisor of 157531 and 11?
11
Calculate the greatest common factor of 3017 and 21550.
431
What is the greatest common factor of 1683 and 22491?
153
Calculate the greatest common divisor of 11825 and 50611.
473
Calculate the highest common divisor of 68362 and 257.
257
Calculate the highest common divisor of 12 and 16096.
4
Calculate the highest common divisor of 1261060 and 340.
340
What is the highest common divisor of 119 and 2198?
7
Calculate the highest common factor of 61663 and 345.
23
What is the greatest common divisor of 1620 and 1290?
30
What is the highest common factor of 12702 and 23490?
174
What is the greatest common divisor of 76320 and 70560?
1440
What is the greatest common divisor of 7 and 3187?
1
What is the highest common divisor of 1594094 and 1614?
538
Calculate the highest common divisor of 178810 and 20.
10
What is the greatest common factor of 204 and 973029?
51
Calculate the highest common divisor of 10452 and 219.
3
What is the highest common divisor of 1219185 and 4455?
1485
Calculate the highest common divisor of 12510 and 6138.
18
Calculate the highest common factor of 8250 and 935.
55
Calculate the highest common divisor of 550 and 227425.
275
Calculate the highest common factor of 2756 and 4173.
13
What is the highest common divisor of 378 and 163002?
42
What is the highest common factor of 49 and 200655?
49
What is the greatest common factor of 69947 and 8047?
619
Calculate the greatest common divisor of 30550 and 176150.
650
What is the greatest common factor of 7916039 and 37?
37
Calculate the highest common divisor of 65391 and 10745.
307
Calculate the greatest common divisor of 1428 and 420.
84
Calculate the greatest common factor of 222 and 133422.
222
Calculate the highest common factor of 12555 and 66420.
405
What is the highest common divisor of 41219 and 22795?
47
What is the highest common factor of 162 and 11916?
18
Calculate the highest common divisor of 96 and 374944.
32
What is the highest common divisor of 19970 and 160?
10
What is the highest common factor of 31 and 2077?
31
Calculate the highest common factor of 30324 and 2478.
42
What is the highest common factor of 1978074 and 56?
14
Calculate the greatest common factor of 33856 and 460.
92
What is the highest common factor of 19127 and 155?
31
Calculate the highest common factor of 30728 and 552.
184
Calculate the greatest common divisor of 551040 and 280.
280
What is the highest common factor of 25 and 4964425?
25
What is the highest common divisor of 11110 and 7458?
22
Calculate the highest common factor of 1110 and 14689.
37
Calculate the greatest common divisor of 57988 and 38.
38
What is the greatest common factor of 23 and 313099?
23
Calculate the greatest common divisor of 29141 and 4186.
161
Calculate the highest common factor of 39479 and 22.
11
Calculate the highest common divisor of 9 and 1041.
3
What is the greatest common divisor of 252 and 2961?
63
What is the highest common divisor of 30915 and 810?
135
Calculate the highest common factor of 22952 and 38.
38
Calculate the greatest common divisor of 27695 and 7975.
145
What is the highest common divisor of 1956 and 46292?
652
Calculate the highest common divisor of 1403348 and 688.
172
What is the highest common factor of 113699 and 67?
67
Calculate the greatest common factor of 1173988 and 2032.
508
What is the greatest common factor of 75 and 890265?
15
What is the greatest common factor of 464 and 2971108?
116
What is the greatest common factor of 86517 and 6?
3
Calculate the greatest common divisor of 254354 and 34.
34
What is the greatest common divisor of 94500 and 450?
450
Calculate the greatest common divisor of 35964 and 8532.
108
What is the greatest common factor of 591236 and 2844?
316
Calculate the greatest common divisor of 208742 and 118.
118
What is the highest common factor of 585 and 630?
45
Calculate the highest common divisor of 1233536 and 576.
64
Calculate the highest common divisor of 196 and 244.
4
Calculate the highest common factor of 122 and 756766.
122
Calculate the highest common factor of 153 and 3591.
9
What is the greatest common divisor of 340 and 19340?
20
Calculate the highest common divisor of 118 and 21299.
59
Calculate the greatest common divisor of 2645 and 320.
5
What is the greatest common divisor of 32334 and 34?
34
Calculate the highest common divisor of 4641 and 12831.
273
What is the highest common divisor of 2400 and 4?
4
What is the greatest common divisor of 152094 and 18?
6
What is the greatest common factor of 207 and 33849?
9
Calculate the highest common factor of 26271 and 243.
27
What is the greatest common divisor of 20467 and 45493?
97
What is the highest common divisor of 27713 and 38591?
259
What is the greatest common divisor of 306 and 117135?
9
Calculate the greatest common factor of 926036 and 592.
148
Calculate the highest common factor of 25265 and 79381.
163
Calculate the highest common divisor of 9651 and 87.
3
What is the greatest common factor of 99593 and 188?
47
What is the greatest common factor of 4 and 863812?
4
What is the highest common divisor of 7200 and 54?
18
Calculate the greatest common divisor of 166 and 769742.
166
Calculate the great